{"id":3269,"date":"2025-06-08T21:41:38","date_gmt":"2025-06-08T18:41:38","guid":{"rendered":"https:\/\/www.begonvilhobiveorguevi.com\/?post_type=product&#038;p=3269"},"modified":"2026-02-09T14:31:29","modified_gmt":"2026-02-09T11:31:29","slug":"alize-cotton-gold-no98","status":"publish","type":"product","link":"https:\/\/www.begonvilhobiveorguevi.com\/?product=alize-cotton-gold-no98","title":{"rendered":"Alize Cotton Gold No:98"},"content":{"rendered":"<div class=\"media-body\">\n<pre>Amigurumi, H\u0131rka, yelek, s\u00fcveter, s\u00fcs v.b. \u00fcr\u00fcnlerinin yap\u0131m\u0131nda kullan\u0131l\u0131r.<\/pre>\n<pre class=\"mt-0 mb-0\">Kar\u0131\u015f\u0131m\r\n\r\n%55 Pamuk - %45 Akrilik<\/pre>\n<div class=\"media-body\">\n<pre class=\"mt-0 mb-0\">Metraj\r\n\r\n100 gr - 330 m<\/pre>\n<div class=\"media-body\">\n<div class=\"media-body\">\n<pre class=\"mt-0 mb-0\">\u015ei\u015f No\r\n\r\n3,5-5<\/pre>\n<\/div>\n<pre class=\"mt-0 mb-0\">T\u0131\u011f No\r\n\r\n2-4<\/pre>\n<\/div>\n<\/div>\n<\/div>\n","protected":false},"excerpt":{"rendered":"<p>Amigurumi, H\u0131rka, yelek, s\u00fcveter, s\u00fcs v.b. \u00fcr\u00fcnlerinin yap\u0131m\u0131nda kullan\u0131l\u0131r.<\/p>\n","protected":false},"featured_media":3270,"template":"","meta":{"_bst_post_transparent":"default","_bst_post_title":"","_bst_post_layout":"default","_bst_post_sidebar_id":"","_bst_post_content_style":"default","_bst_post_vertical_padding":"default","_bst_post_feature":"","_bst_post_feature_position":"","_bst_post_header":false,"_bst_post_footer":false},"product_brand":[134],"product_cat":[135],"product_tag":[],"product_brands":[133],"class_list":{"0":"post-3269","1":"product","2":"type-product","3":"status-publish","4":"has-post-thumbnail","6":"product_brand-alize","7":"product_cat-alize-cotton-gold","8":"product_brands-alize","10":"first","11":"instock","12":"taxable","13":"shipping-taxable","14":"purchasable","15":"product-type-simple","16":"entry","17":"content-bg","18":"loop-entry"},"jetpack_sharing_enabled":true,"_links":{"self":[{"href":"https:\/\/www.begonvilhobiveorguevi.com\/index.php?rest_route=\/wp\/v2\/product\/3269","targetHints":{"allow":["GET"]}}],"collection":[{"href":"https:\/\/www.begonvilhobiveorguevi.com\/index.php?rest_route=\/wp\/v2\/product"}],"about":[{"href":"https:\/\/www.begonvilhobiveorguevi.com\/index.php?rest_route=\/wp\/v2\/types\/product"}],"version-history":[{"count":1,"href":"https:\/\/www.begonvilhobiveorguevi.com\/index.php?rest_route=\/wp\/v2\/product\/3269\/revisions"}],"predecessor-version":[{"id":3271,"href":"https:\/\/www.begonvilhobiveorguevi.com\/index.php?rest_route=\/wp\/v2\/product\/3269\/revisions\/3271"}],"wp:featuredmedia":[{"embeddable":true,"href":"https:\/\/www.begonvilhobiveorguevi.com\/index.php?rest_route=\/wp\/v2\/media\/3270"}],"wp:attachment":[{"href":"https:\/\/www.begonvilhobiveorguevi.com\/index.php?rest_route=%2Fwp%2Fv2%2Fmedia&parent=3269"}],"wp:term":[{"taxonomy":"product_brand","embeddable":true,"href":"https:\/\/www.begonvilhobiveorguevi.com\/index.php?rest_route=%2Fwp%2Fv2%2Fproduct_brand&post=3269"},{"taxonomy":"product_cat","embeddable":true,"href":"https:\/\/www.begonvilhobiveorguevi.com\/index.php?rest_route=%2Fwp%2Fv2%2Fproduct_cat&post=3269"},{"taxonomy":"product_tag","embeddable":true,"href":"https:\/\/www.begonvilhobiveorguevi.com\/index.php?rest_route=%2Fwp%2Fv2%2Fproduct_tag&post=3269"},{"taxonomy":"product_brands","embeddable":true,"href":"https:\/\/www.begonvilhobiveorguevi.com\/index.php?rest_route=%2Fwp%2Fv2%2Fproduct_brands&post=3269"}],"curies":[{"name":"wp","href":"https:\/\/api.w.org\/{rel}","templated":true}]}}